{"id":30,"date":"2023-07-21T10:57:24","date_gmt":"2023-07-21T15:57:24","guid":{"rendered":"https:\/\/www.franciscanas.edu.co\/?page_id=30"},"modified":"2023-07-21T10:57:24","modified_gmt":"2023-07-21T15:57:24","slug":"principios-institucionales","status":"publish","type":"page","link":"https:\/\/www.franciscanas.edu.co\/?page_id=30","title":{"rendered":"Principios Institucionales"},"content":{"rendered":"\n<ol>\n<li>La familia es n\u00facleo fundamental de la sociedad y la primera responsable de la educaci\u00f3n de sus hijas, raz\u00f3n por la cual la Instituci\u00f3n Educativa promueve la vinculaci\u00f3n de los padres en los procesos formativos.<\/li>\n\n\n\n<li>La persona es un ser \u00fanico, libre, digno y responsable, que se construye a s\u00ed mismo, por tal raz\u00f3n, el desarrollo de competencias y habilidades mediante la promoci\u00f3n de aprendizajes que permitan aprender a pensar, sentir, compartir, actuar y persistir en sus prop\u00f3sitos son capacidades que el estudiante debe desarrollar en su proceso de formaci\u00f3n integral.<\/li>\n\n\n\n<li>La tolerancia, el respeto por la diferencia en el ser, actuar, pensar y sentir de las personas que forman parte de la comunidad educativa, es fundamental para la sana convivencia social.<\/li>\n\n\n\n<li>El desarrollo de un pensamiento cr\u00edtico, autocr\u00edtico, emprendedor y creativo es esencial en la formaci\u00f3n de la persona que contribuyen a mejorar la capacidad de aprendizaje del estudiante.<\/li>\n\n\n\n<li>Formar en el respeto a la vida, hacia s\u00ed mismo, el medio social, cultural y ambiental; en la toma de decisiones, el liderazgo y la autoestima, son elementos prioritarios en la educaci\u00f3n para la paz y la libertad.<\/li>\n\n\n\n<li>La valoraci\u00f3n, apropiaci\u00f3n y aplicaci\u00f3n de los conocimientos cient\u00edficos, tecnol\u00f3gicos y culturales de la actualidad son fundamentales en una educaci\u00f3n actual, motivo por el cual, la Instituci\u00f3n Educativa genera las condiciones pedag\u00f3gicas y metodol\u00f3gicas para que las estudiantes se familiaricen con la comprensi\u00f3n, el uso y la producci\u00f3n de los c\u00f3digos cient\u00edficos y tecnol\u00f3gicos modernos.<\/li>\n\n\n\n<li>Siendo la exigencia la base de la excelencia personal, se propende por una educaci\u00f3n que promueva la excelencia personal, la formaci\u00f3n integral a trav\u00e9s del ejercicio de una exigencia formativa que conlleve a la autonom\u00eda y a la autodisciplina.<\/li>\n<\/ol>\n","protected":false},"excerpt":{"rendered":"","protected":false},"author":1,"featured_media":0,"parent":0,"menu_order":0,"comment_status":"closed","ping_status":"closed","template":"","meta":[],"_links":{"self":[{"href":"https:\/\/www.franciscanas.edu.co\/index.php?rest_route=\/wp\/v2\/pages\/30"}],"collection":[{"href":"https:\/\/www.franciscanas.edu.co\/index.php?rest_route=\/wp\/v2\/pages"}],"about":[{"href":"https:\/\/www.franciscanas.edu.co\/index.php?rest_route=\/wp\/v2\/types\/page"}],"author":[{"embeddable":true,"href":"https:\/\/www.franciscanas.edu.co\/index.php?rest_route=\/wp\/v2\/users\/1"}],"replies":[{"embeddable":true,"href":"https:\/\/www.franciscanas.edu.co\/index.php?rest_route=%2Fwp%2Fv2%2Fcomments&post=30"}],"version-history":[{"count":1,"href":"https:\/\/www.franciscanas.edu.co\/index.php?rest_route=\/wp\/v2\/pages\/30\/revisions"}],"predecessor-version":[{"id":31,"href":"https:\/\/www.franciscanas.edu.co\/index.php?rest_route=\/wp\/v2\/pages\/30\/revisions\/31"}],"wp:attachment":[{"href":"https:\/\/www.franciscanas.edu.co\/index.php?rest_route=%2Fwp%2Fv2%2Fmedia&parent=30"}],"curies":[{"name":"wp","href":"https:\/\/api.w.org\/{rel}","templated":true}]}}

<ol>
<li>La familia es núcleo fundamental de la sociedad y la primera responsable de la educación de sus hijas, razón por la cual la Institución Educativa promueve la vinculación de los padres en los procesos formativos.</li>



<li>La persona es un ser único, libre, digno y responsable, que se construye a sí mismo, por tal razón, el desarrollo de competencias y habilidades mediante la promoción de aprendizajes que permitan aprender a pensar, sentir, compartir, actuar y persistir en sus propósitos son capacidades que el estudiante debe desarrollar en su proceso de formación integral.</li>



<li>La tolerancia, el respeto por la diferencia en el ser, actuar, pensar y sentir de las personas que forman parte de la comunidad educativa, es fundamental para la sana convivencia social.</li>



<li>El desarrollo de un pensamiento crítico, autocrítico, emprendedor y creativo es esencial en la formación de la persona que contribuyen a mejorar la capacidad de aprendizaje del estudiante.</li>



<li>Formar en el respeto a la vida, hacia sí mismo, el medio social, cultural y ambiental; en la toma de decisiones, el liderazgo y la autoestima, son elementos prioritarios en la educación para la paz y la libertad.</li>



<li>La valoración, apropiación y aplicación de los conocimientos científicos, tecnológicos y culturales de la actualidad son fundamentales en una educación actual, motivo por el cual, la Institución Educativa genera las condiciones pedagógicas y metodológicas para que las estudiantes se familiaricen con la comprensión, el uso y la producción de los códigos científicos y tecnológicos modernos.</li>



<li>Siendo la exigencia la base de la excelencia personal, se propende por una educación que promueva la excelencia personal, la formación integral a través del ejercicio de una exigencia formativa que conlleve a la autonomía y a la autodisciplina.</li>
</ol>
