{"id":46,"date":"2023-07-21T11:38:00","date_gmt":"2023-07-21T16:38:00","guid":{"rendered":"https:\/\/www.franciscanas.edu.co\/?page_id=46"},"modified":"2023-07-21T11:38:00","modified_gmt":"2023-07-21T16:38:00","slug":"franciscanas-de-maria-inmaculada","status":"publish","type":"page","link":"https:\/\/www.franciscanas.edu.co\/?page_id=46","title":{"rendered":"Franciscanas de Mar\u00eda Inmaculada"},"content":{"rendered":"\n<p>Las Hermanas Franciscanas de Mar\u00eda Inmaculada dirigen la Instituci\u00f3n Educativa Nuestra Se\u00f1ora del Carmen desde su fundaci\u00f3n.<\/p>\n\n\n\n<p>Esta congregaci\u00f3n religiosa fue fundada por la Madre Caridad Brader, quien optando por la vida Religiosa abandona su casa e ingresa al convento de Mar\u00eda Hilff Altst\u00e4ten Suiza en octubre de 1880, respondiendo de esa manera al llamado de seguir a Jesucristo al estilo de San Francisco de As\u00eds. Hacia el a\u00f1o de 1888 la Madre Caridad viene a tierras de Am\u00e9rica como misionera en compa\u00f1\u00eda de otras de sus Hermanas de comunidad; Es as\u00ed como en este peregrinaje en marzo de 1893, con un grupo de misioneras, llega a T\u00faquerres (Nari\u00f1o) para empezar a escribir la historia de la congregaci\u00f3n de las Religiosas Franciscanas de Mar\u00eda Inmaculada.<\/p>\n\n\n\n<p>El esp\u00edritu contemplativo de la Madre Caridad Brader la llev\u00f3 a amar inmensamente a Jes\u00fas presente en la Eucarist\u00eda y as\u00ed mismo am\u00f3 las obras sociales, de estas obras la educaci\u00f3n se constituy\u00f3 en una de las mejores formas de realizar su labor evangelizadora. Es por eso que la congregaci\u00f3n religiosa se extendi\u00f3, para servir a la educaci\u00f3n y promoci\u00f3n de la mujer, por todos los rincones de Colombia y otros pa\u00edses a nivel mundial.\u00a0<\/p>\n\n\n\n<p>La Congregaci\u00f3n de Hermanas Franciscanas de Mar\u00eda Inmaculada se encuentra en muchas ciudades de Colombia y del mundo llevando el mensaje del Evangelio desde la vivencia de cada una de las Hermanas que integran la Comunidad Religiosa y viviendo el lema de vida de la Madre Caridad. \u201cTodo por amor a Dios y como \u00c9l, lo quiere\u201d.<\/p>\n","protected":false},"excerpt":{"rendered":"<p>Las Hermanas Franciscanas de Mar\u00eda Inmaculada dirigen la Instituci\u00f3n Educativa Nuestra Se\u00f1ora del Carmen desde su fundaci\u00f3n. Esta congregaci\u00f3n religiosa fue fundada por la Madre Caridad Brader, quien optando por la vida Religiosa abandona su casa e ingresa al convento <a href=\"https:\/\/www.franciscanas.edu.co\/?page_id=46\" class=\"read-more\">Amplia la informaci\u00f3n &#8230;<\/a><\/p>\n","protected":false},"author":1,"featured_media":0,"parent":0,"menu_order":0,"comment_status":"closed","ping_status":"closed","template":"","meta":[],"_links":{"self":[{"href":"https:\/\/www.franciscanas.edu.co\/index.php?rest_route=\/wp\/v2\/pages\/46"}],"collection":[{"href":"https:\/\/www.franciscanas.edu.co\/index.php?rest_route=\/wp\/v2\/pages"}],"about":[{"href":"https:\/\/www.franciscanas.edu.co\/index.php?rest_route=\/wp\/v2\/types\/page"}],"author":[{"embeddable":true,"href":"https:\/\/www.franciscanas.edu.co\/index.php?rest_route=\/wp\/v2\/users\/1"}],"replies":[{"embeddable":true,"href":"https:\/\/www.franciscanas.edu.co\/index.php?rest_route=%2Fwp%2Fv2%2Fcomments&post=46"}],"version-history":[{"count":1,"href":"https:\/\/www.franciscanas.edu.co\/index.php?rest_route=\/wp\/v2\/pages\/46\/revisions"}],"predecessor-version":[{"id":47,"href":"https:\/\/www.franciscanas.edu.co\/index.php?rest_route=\/wp\/v2\/pages\/46\/revisions\/47"}],"wp:attachment":[{"href":"https:\/\/www.franciscanas.edu.co\/index.php?rest_route=%2Fwp%2Fv2%2Fmedia&parent=46"}],"curies":[{"name":"wp","href":"https:\/\/api.w.org\/{rel}","templated":true}]}}

Franciscanas de María Inmaculada

<p>Las Hermanas Franciscanas de María Inmaculada dirigen la Institución Educativa Nuestra Señora del Carmen desde su fundación.</p>



<p>Esta congregación religiosa fue fundada por la Madre Caridad Brader, quien optando por la vida Religiosa abandona su casa e ingresa al convento de María Hilff Altstäten Suiza en octubre de 1880, respondiendo de esa manera al llamado de seguir a Jesucristo al estilo de San Francisco de Asís. Hacia el año de 1888 la Madre Caridad viene a tierras de América como misionera en compañía de otras de sus Hermanas de comunidad; Es así como en este peregrinaje en marzo de 1893, con un grupo de misioneras, llega a Túquerres (Nariño) para empezar a escribir la historia de la congregación de las Religiosas Franciscanas de María Inmaculada.</p>



<p>El espíritu contemplativo de la Madre Caridad Brader la llevó a amar inmensamente a Jesús presente en la Eucaristía y así mismo amó las obras sociales, de estas obras la educación se constituyó en una de las mejores formas de realizar su labor evangelizadora. Es por eso que la congregación religiosa se extendió, para servir a la educación y promoción de la mujer, por todos los rincones de Colombia y otros países a nivel mundial. </p>



<p>La Congregación de Hermanas Franciscanas de María Inmaculada se encuentra en muchas ciudades de Colombia y del mundo llevando el mensaje del Evangelio desde la vivencia de cada una de las Hermanas que integran la Comunidad Religiosa y viviendo el lema de vida de la Madre Caridad. “Todo por amor a Dios y como Él, lo quiere”.</p>

<p>Las Hermanas Franciscanas de María Inmaculada dirigen la Institución Educativa Nuestra Señora del Carmen desde su fundación. Esta congregación religiosa fue fundada por la Madre Caridad Brader, quien optando por la vida Religiosa abandona su casa e ingresa al convento <a href="https://www.franciscanas.edu.co/?page_id=46" class="read-more">Amplia la información &#8230;</a></p>
