{"id":8,"date":"2023-07-19T16:26:13","date_gmt":"2023-07-19T21:26:13","guid":{"rendered":"https:\/\/www.franciscanas.edu.co\/?page_id=8"},"modified":"2025-01-22T11:38:49","modified_gmt":"2025-01-22T16:38:49","slug":"historia","status":"publish","type":"page","link":"https:\/\/www.franciscanas.edu.co\/?page_id=8","title":{"rendered":"Historia:"},"content":{"rendered":"\n<p>La Instituci\u00f3n Educativa Nuestra Se\u00f1ora del Carmen de Popay\u00e1n, se cre\u00f3 mediante acuerdo entre la Comunidad Religiosa de las Hermanas Franciscanas de Mar\u00eda Inmaculada y el gobierno departamental del Cauca, seg\u00fan Decreto N\u00b0102 de abril de 1951. Desde entonces, la Comunidad Religiosa orienta el desarrollo acad\u00e9mico y administrativo de esta instituci\u00f3n educativa.<\/p>\n\n\n\n<p>La Instituci\u00f3n Educativa, desde sus comienzos funcion\u00f3 en el antiguo convento de las Hermanas Carmelitas situado en el centro hist\u00f3rico de la ciudad de Popay\u00e1n. Las actividades escolares se iniciaron en octubre de 1951 con un total de 112 estudiantes distribuidas en los grados cuarto y quinto de primaria y primero de bachillerato.<\/p>\n\n\n\n<p>En 1957, 14 alumnas reciben su t\u00edtulo de bachiller. En 1958 se fund\u00f3 la Asociaci\u00f3n de Exalumnas Franciscanas y en 1975 la Asociaci\u00f3n de Padres de Familia. Por ese mismo a\u00f1o se cre\u00f3 el Centro Nocturno donde las alumnas de los dos \u00faltimos grados realizaban el servicio social obligatorio e igualmente se cre\u00f3 la cooperativa de padres de familia.<\/p>\n\n\n\n<p>A comienzos de los a\u00f1os ochenta, el colegio ocup\u00f3 el primer lugar en las pruebas ICFES a nivel del departamento y fue uno de los m\u00e1s destacados a nivel nacional.<\/p>\n\n\n\n<p>El terremoto de 1983 destruy\u00f3 la planta f\u00edsica de la Instituci\u00f3n, lo que hizo que las clases se dieran en las horas de la tarde en diferentes salones de otros colegios de la ciudad. Gracias a las ayudas oficiales y al esfuerzo propio, en 1984 se comenz\u00f3 a construir la nueva sede que se entreg\u00f3 dos a\u00f1os despu\u00e9s, ubicada en el barrio La Estancia perteneciente a la comuna N\u00b03 de la ciudad de Popay\u00e1n. En 1989 se inici\u00f3 el preescolar con los niveles de pre k\u00ednder y k\u00ednder.<\/p>\n\n\n\n<p>Desde el a\u00f1o 2011, la Instituci\u00f3n Educativa se ha mantenido en desempe\u00f1o muy superior en las pruebas Saber 11, egresando estudiantes que est\u00e1n en los 100 primeros puestos a nivel nacional. Actualmente cuenta con m\u00e1s de 1300 estudiantes de los grados Preescolar, B\u00e1sica Primaria y Media Vocacional y se perfila como la Instituci\u00f3n Educativa m\u00e1s reconocida en el sector oficial a nivel departamental.<\/p>\n","protected":false},"excerpt":{"rendered":"<p>La Instituci\u00f3n Educativa Nuestra Se\u00f1ora del Carmen de Popay\u00e1n, se cre\u00f3 mediante acuerdo entre la Comunidad Religiosa de las Hermanas Franciscanas de Mar\u00eda Inmaculada y el gobierno departamental del Cauca, seg\u00fan Decreto N\u00b0102 de abril de 1951. Desde entonces, la <a href=\"https:\/\/www.franciscanas.edu.co\/?page_id=8\" class=\"read-more\">Amplia la informaci\u00f3n &#8230;<\/a><\/p>\n","protected":false},"author":1,"featured_media":0,"parent":0,"menu_order":0,"comment_status":"closed","ping_status":"closed","template":"","meta":[],"_links":{"self":[{"href":"https:\/\/www.franciscanas.edu.co\/index.php?rest_route=\/wp\/v2\/pages\/8"}],"collection":[{"href":"https:\/\/www.franciscanas.edu.co\/index.php?rest_route=\/wp\/v2\/pages"}],"about":[{"href":"https:\/\/www.franciscanas.edu.co\/index.php?rest_route=\/wp\/v2\/types\/page"}],"author":[{"embeddable":true,"href":"https:\/\/www.franciscanas.edu.co\/index.php?rest_route=\/wp\/v2\/users\/1"}],"replies":[{"embeddable":true,"href":"https:\/\/www.franciscanas.edu.co\/index.php?rest_route=%2Fwp%2Fv2%2Fcomments&post=8"}],"version-history":[{"count":2,"href":"https:\/\/www.franciscanas.edu.co\/index.php?rest_route=\/wp\/v2\/pages\/8\/revisions"}],"predecessor-version":[{"id":338,"href":"https:\/\/www.franciscanas.edu.co\/index.php?rest_route=\/wp\/v2\/pages\/8\/revisions\/338"}],"wp:attachment":[{"href":"https:\/\/www.franciscanas.edu.co\/index.php?rest_route=%2Fwp%2Fv2%2Fmedia&parent=8"}],"curies":[{"name":"wp","href":"https:\/\/api.w.org\/{rel}","templated":true}]}}